5*c - 3*a - 2065, -c - 5*a + 1746 = 0. Calculate the remainder when c is divided by 17.
7
Let a = 174 - -163. Suppose -100 = -5*y + 117 - 47. Calculate the remainder when a is divided by y.
31
Suppose 0*y = -2*y + 100. Suppose 0 = 4*z - 16*z + 24. Calculate the remainder when y is divided by (252/49)/(z/7).
14
Suppose 61*w = 28*w + 25*w + 312. What is the remainder when 223 is divided by w?
28
Let a = -9791 + 10355. Calculate the remainder when a is divided by 142.
138
Let w = 1646 + -1521. Calculate the remainder when w is divided by 2/3 + (-92)/(-6).
13
Suppose -4*r + 41 = 5*n + 11, -3*r + 9 = -3*n. Suppose 0 = x - 1 - n. Suppose -x*z - 2 = -89. Calculate the remainder when 115 is divided by z.
28
Suppose 141 = -51*z + 183 + 417. Calculate the remainder when 3067 is divided by z.
7
Suppose -5*c + 5390 = 8*c - 6*c. Calculate the remainder when c is divided by 110.
0
Suppose 6*a + 0*a = -738. Let s = -109 - a. Suppose 0*k + 2*y + 339 = 5*k, 5*k + 3*y - 329 = 0. What is the remainder when k is divided by s?
11
Let k = 19 - 35. Let p = 25 + k. Suppose -31*m - 29*m = -1876 + 196. Calculate the remainder when m is divided by p.
1
Suppose 0 = -5*g - 384*y + 385*y + 891, -361 = -2*g + 5*y. Suppose -3*w - 106 = -2*p - 0*p, -55 = -p + w. Calculate the remainder when g is divided by p.
1
Let w be 2 + (-5)/((-20)/124). Calculate the remainder when 74 is divided by 37*1 + (w - 30).
34
Let p = -488 + 304. Let i = -1 - p. Suppose -3*o - r = -141 + 57, 2*r - 106 = -4*o. Calculate the remainder when i is divided by o.
28
Let o = 7116 + -6964. Calculate the remainder when o is divided by 84.
68
Calculate the remainder when (7 - 5287 - -4)*(-14)/56 is divided by 436.
11
Let v(t) = -6*t**3 - 2*t**2 + t. Let o = 13626 - 13326. Calculate the remainder when o is divided by v(-2).
34
Suppose -4*n - l + 13 = 0, -12 = -4*n + 5*l + 19. Suppose -3*a + n*r + 98 = 0, 2*r = 4*a + 5*r - 114. Calculate the remainder when 35 is divided by a.
5
Suppose -9*d - 946 = -38*d + 18*d. Calculate the remainder when d is divided by 53.
33
Suppose 0*p - 4*p + 24 = 0. Suppose 2*i - 245 = -355. Calculate the remainder when p is divided by (-22)/i + 8/(-15)*-3.
0
Let y(k) = 42*k**2 + k + 2. Let d = -85 - -90. Suppose d*v - 4 + 2 = 4*z, -3*z = 9. Calculate the remainder when y(v) is divided by 57.
54
Let n = -8 - -44. Calculate the remainder when (((-6)/9)/((-5)/60) - 13) + 76 is divided by n.
35
Suppose i - 4 = 30. Let g = -90 + 94. Suppose -10*z = -g*z - 810. Calculate the remainder when z is divided by i.
33
Let i be (-5674)/(-18) + (-86)/387. Let w = 356 - i. Calculate the remainder when 67 is divided by w.
26
Let b(h) = 3*h**2 + h. Let y = -207 + 402. Suppose -5*s - 115 = -y. What is the remainder when s is divided by b(-1)?
0
Suppose 2936*i = 2937*i - 616. What is the remainder when i is divided by 53?
33
Suppose 3*w = -3*b + 135, -5*w = 4*b - b - 131. Let a be 10/(-55) - 4545/(-11). Let p = 597 - a. Calculate the remainder when p is divided by b.
43
Suppose -17*k - 4*h = -10*k - 12066, 3*k - 5172 = -2*h. Calculate the remainder when k is divided by 17.
5
Suppose 2*i + 3*i - 90 = 0. What is the remainder when (-141)/94*(-19)/((-342)/(-420)) is divided by i?
17
Suppose -16*u = 19*u + 346 - 3846. Calculate the remainder when 111 is divided by u.
11
Let n be 0 + 3 + (-3 + -2 - 1). Let l(o) = -o + 1. Let h be l(n). Suppose d - 74 = -h*v, -d = -0*v - 3*v - 60. What is the remainder when d is divided by 26?
14
Let d be (2 + 2 + -2)/(-2). Suppose 60*x - 429 - 158 = 73. What is the remainder when x is divided by (0 + 2/(-1))*d?
1
Suppose -11*d + 27 = 5. Suppose 1 - 6 = -5*n, -d*g + 3*n + 417 = 0. Suppose -8*z + 14*z - g = 0. Calculate the remainder when z is divided by 6.
5
Let q be (2935/(-10))/(2/(-4)). Suppose q*x = 588*x - 87. What is the remainder when x is divided by 11?
10
Suppose a = -3*i + 372, 8*a = i + 4*a - 124. Suppose 0 = w + 3*w - i. Let x = 126 + -118. Calculate the remainder when w is divided by x.
7
Suppose 3*p - 8 - 723 = -n, 4*p - 3611 = -5*n. Calculate the remainder when n is divided by 43.
31
Suppose -2*g = -0*g + 2, -g = -k + 13. What is the remainder when (66/4 - 3)/((-3)/(-6)) - -8 is divided by k?
11
Suppose c = -2, -687*u + 691*u - 704 = -2*c. Calculate the remainder when 240 is divided by u.
63
Calculate the remainder when 291 is divided by ((-1)/2)/(3/(-516)).
33
Let z(c) = 50*c + 517. Calculate the remainder when z(-9) is divided by 5.
2
Let i = 8191 + -7936. Calculate the remainder when i is divided by 114.
27
Let x(w) = 12415*w**3 - 7*w**2 + 8*w - 1. What is the remainder when x(1) is divided by 14?
11
Let l be 6/10 - (-400)/(-250). Suppose 0 = d + 4*k - 6, -2*d + 24 = -d - 5*k. Calculate the remainder when d is divided by (l - (-4 - 95/(-25)))*-10.
6
Suppose -10*t = 7*t + 1309. Let u = t + 109. Suppose 7*r - 3*r - h - 44 = 0, -u = -4*r - 2*h. What is the remainder when 26 is divided by r?
6
Suppose 0*v = 21*v - 210. Suppose v*c - 9*c - 51 = 0. What is the remainder when 91 is divided by c?
40
Let j(v) = -29*v - 6. Let i be 3/((4 - 6)*(-3)/(-2)). Let h be (i/(-1) - 0)/(-1). What is the remainder when 64 is divided by j(h)?
18
Suppose 37863 = 50*p + 4963. What is the remainder when 666 is divided by p?
8
Let g = 1310 + -1029. What is the remainder when g is divided by 262?
19
Let k(g) = 3*g**2 + 139*g - 710. Calculate the remainder when k(-72) is divided by 242.
236
Let h(c) = c**3 - 9*c**2 + 14*c + 25. Let n be h(6). Calculate the remainder when -5*n*4554/(-230) is divided by 55.
44
Let u = 1494 + -323. Calculate the remainder when u is divided by 47.
43
Let a be (0 - 10)*(182/4)/(-7). Let t = 120 - a. Calculate the remainder when t is divided by 2/2 + 9 + (-4 - -1).
6
Let l = -12380 + 17693. Suppose 28*u - l = 5*u. Calculate the remainder when u is divided by 29.
28
Let d = -275 - -25. Let p = 254 + d. Calculate the remainder when 6 is divided by p.
2
Let m(c) = -29*c - 15. Suppose -256 = -5*j - 96. Calculate the remainder when m(-6) is divided by j.
31
Let g = 1270 + -714. Let n = g + -523. What is the remainder when 131 is divided by n?
32
Suppose 5*u + 1069 = -111. Let s = u + 305. Calculate the remainder when s is divided by 12.
9
Suppose 4*o + 4 = 12, -4*n + 2*o - 8 = 0. Calculate the remainder when (-47)/(-4) - n - 6/8 is divided by 3.
0
Let z = 4613 + -4593. What is the remainder when 336 is divided by z?
16
Let y = 164 - 159. Suppose -3*c + 63 = -3*s, y*c = -0*c - 5*s + 55. Suppose -210 = -3*i + 117. Calculate the remainder when i is divided by c.
13
Let x = -1299 - -1456. Calculate the remainder when x is divided by 60.
37
Calculate the remainder when 1/((-2)/34)*(-7 - -5) is divided by 22.
12
Let n(w) = w**2 + 6*w - 7. Let h be n(-6). Let j = -3 - h. Let g(x) = -x**3 - 10*x + 15. What is the remainder when g(0) is divided by j?
3
Let u(p) = 45 - 3*p - 13 - 39. Let j be (-1)/1 - (13 + 0). What is the remainder when u(j) is divided by 9?
8
Suppose 11*o + 5*f + 120 = 16*o, -3*o + 72 = -2*f. What is the remainder when 4245 is divided by o?
21
Suppose 3*v + v - 276 = 0. Let h(f) = f**3 - f**2 - 7*f - 1. Let p be ((-106)/18 + 5)/(14/(-63)). What is the remainder when v is divided by h(p)?
12
Let a = -467 - -439. Calculate the remainder when (a/(-49))/((-2)/(-7))*65 is divided by 35.
25
What is the remainder when ((-440)/16)/(((-36)/(-56))/(-9)) is divided by 34?
11
Suppose 5 = -9*q + 14*q. Let f(r) = 0 - r + q + 8. What is the remainder when 26 is divided by f(0)?
8
Suppose -3*v + k + 37 = 0, 0*v - 4*k = -v + 5. Let b = 84 - 33. What is the remainder when b is divided by v?
12
Suppose -2*j + 133 - 29 = 0. Suppose -4*a + 5*w + 116 = 0, -w + j = 2*a - 2*w. Suppose 6*z - 2*z = 36. Calculate the remainder when a is divided by z.
6
Suppose -2380 = -9*h - 2173. What is the remainder when (-507)/(-12) - 1/4 is divided by h?
19
Suppose -5*d = -4*s - 3*d + 22, 33 = 5*s + 3*d. Suppose -19 = -4*c + 17. What is the remainder when (-6 + 13 - s)/((-1)/(-34)) is divided by c?
7
Let u be 30/9*(-84)/8. Let k(b) = -47*b**2 + 4*b - 6. Let m be k(1). Let a = u - m. What is the remainder when 83 is divided by a?
13
Suppose -13*z = 19 + 20. What is the remainder when (14/(-3) - z)/((-1)/51) is divided by 16?
5
Let s(d) = -8*d - 4. Let h be s(-3). Let t = 3 - h. Let m = 6 